{"id":77,"date":"2020-04-19T20:20:59","date_gmt":"2020-04-19T18:20:59","guid":{"rendered":"http:\/\/www.rtcrif.at\/tennis\/?page_id=77"},"modified":"2020-04-19T20:20:59","modified_gmt":"2020-04-19T18:20:59","slug":"training","status":"publish","type":"page","link":"http:\/\/www.rtcrif.at\/tennis\/training\/","title":{"rendered":"Training"},"content":{"rendered":"\n<p>In unserem Club werden die Mitglieder auf Wunsch von unserem Trainerstab, rund um <strong>Coach Alfred Friess <\/strong>bestens betreut. Ihre professionelle Arbeit spiegelt sich auch in unseren zahlreichen Hobby- und Kampfmannschaften wieder. Hier sind beim RTC Jung und Alt gleicherma\u00dfen vertreten und voller Einsatz dabei!<\/p>\n\n\n\n<p>Trainingsvereinbarungen und n\u00e4here Informationen zum Kinder- bzw. Erwachsenentraining erh\u00e4ltst du von unserem sportlichen Leiter und <strong>Cheftrainer Alfred Friess<\/strong> unter <a href=\"mailto:alfred.friess@gmx.at\">info@rtcrif.at<\/a>.<\/p>\n\n\n\n<p><strong>Cheftrainer Vorstellung:<\/strong><\/p>\n\n\n\n<p>Alfred Friess, staatlich gepr\u00fcfter Tennis Instruktor &amp; \u00dcbungsleiter Kids<\/p>\n","protected":false},"excerpt":{"rendered":"<p>In unserem Club werden die Mitglieder auf Wunsch von unserem Trainerstab, rund um Coach Alfred Friess bestens betreut. Ihre professionelle Arbeit spiegelt sich auch in unseren zahlreichen Hobby- und Kampfmannschaften wieder. Hier sind beim RTC Jung und Alt gleicherma\u00dfen vertreten und voller Einsatz dabei! Trainingsvereinbarungen und n\u00e4here Informationen zum Kinder- bzw. Erwachsenentraining erh\u00e4ltst du von unserem sportlichen Leiter und Cheftrainer Alfred Friess unter info@rtcrif.at. Cheftrainer Vorstellung: Alfred Friess, staatlich gepr\u00fcfter Tennis Instruktor &amp; \u00dcbungsleiter Kids<\/p>\n","protected":false},"author":1,"featured_media":0,"parent":0,"menu_order":0,"comment_status":"closed","ping_status":"closed","template":"","meta":{"footnotes":""},"class_list":["post-77","page","type-page","status-publish","hentry"],"_links":{"self":[{"href":"http:\/\/www.rtcrif.at\/tennis\/wp-json\/wp\/v2\/pages\/77","targetHints":{"allow":["GET"]}}],"collection":[{"href":"http:\/\/www.rtcrif.at\/tennis\/wp-json\/wp\/v2\/pages"}],"about":[{"href":"http:\/\/www.rtcrif.at\/tennis\/wp-json\/wp\/v2\/types\/page"}],"author":[{"embeddable":true,"href":"http:\/\/www.rtcrif.at\/tennis\/wp-json\/wp\/v2\/users\/1"}],"replies":[{"embeddable":true,"href":"http:\/\/www.rtcrif.at\/tennis\/wp-json\/wp\/v2\/comments?post=77"}],"version-history":[{"count":1,"href":"http:\/\/www.rtcrif.at\/tennis\/wp-json\/wp\/v2\/pages\/77\/revisions"}],"predecessor-version":[{"id":78,"href":"http:\/\/www.rtcrif.at\/tennis\/wp-json\/wp\/v2\/pages\/77\/revisions\/78"}],"wp:attachment":[{"href":"http:\/\/www.rtcrif.at\/tennis\/wp-json\/wp\/v2\/media?parent=77"}],"curies":[{"name":"wp","href":"https:\/\/api.w.org\/{rel}","templated":true}]}}